{"id":188,"date":"2024-06-26T07:56:16","date_gmt":"2024-06-26T12:56:16","guid":{"rendered":"http:\/\/ifls.com.co\/2024\/?page_id=188"},"modified":"2026-04-16T17:06:45","modified_gmt":"2026-04-16T22:06:45","slug":"compradores","status":"publish","type":"page","link":"https:\/\/ifls.com.co\/2024\/compradores\/","title":{"rendered":"Compradores"},"content":{"rendered":"<p>[et_pb_section fb_built=\u00bb1&#8243; fullwidth=\u00bbon\u00bb _builder_version=\u00bb4.4.2&#8243;][et_pb_fullwidth_image _builder_version=\u00bb4.4.2&#8243;][\/et_pb_fullwidth_image][\/et_pb_section][et_pb_section fb_built=\u00bb1&#8243; fullwidth=\u00bbon\u00bb _builder_version=\u00bb4.4.2&#8243; locked=\u00bboff\u00bb][et_pb_fullwidth_image src=\u00bbhttps:\/\/ifls.com.co\/2024\/wp-content\/uploads\/2026\/04\/Mesa-de-trabajo-3-copia-9-scaled.png\u00bb _builder_version=\u00bb4.4.2&#8243; max_height=\u00bb100%\u00bb custom_margin=\u00bb-6px|||||\u00bb][\/et_pb_fullwidth_image][\/et_pb_section][et_pb_section fb_built=\u00bb1&#8243; _builder_version=\u00bb4.4.2&#8243; min_height=\u00bb536.3px\u00bb custom_padding=\u00bb1px||0px|||\u00bb][et_pb_row _builder_version=\u00bb4.4.2&#8243;][et_pb_column type=\u00bb4_4&#8243; _builder_version=\u00bb4.4.2&#8243;][et_pb_text _builder_version=\u00bb4.4.2&#8243; custom_padding=\u00bb||0px|||\u00bb]<\/p>\n<p>La Asociaci\u00f3n Colombiana de Industriales del Calzado, el Cuero y sus Manufacturas \u2013 <strong>ACICAM<\/strong>, le da la bienvenida al <strong>International Footwear &amp; Leather Show \u2013 IFLS<\/strong> y a la <strong>Exhibici\u00f3n Internacional del Cuero e Insumos, Maquinaria y Tecnolog\u00eda \u2013 EICI,<\/strong>\u00a0 que se realizar\u00e1 del <strong>3 al 5 de agosto de 2026 en en CORFERIAS,\u00a0 Bogot\u00e1 \u2013 Colombia.<\/strong><\/p>\n<p>El IFLS+EICI es la mayor plataforma de negocios de Colombia y la regi\u00f3n Andina para el sector calzado, cuero y sus manufacturas, que re\u00fane la muestra de producto terminado y la exhibici\u00f3n de insumos, maquinaria, componentes y tecnolog\u00eda.<\/p>\n<p>[\/et_pb_text][\/et_pb_column][\/et_pb_row][et_pb_row disabled_on=\u00bboff|off|off\u00bb _builder_version=\u00bb4.4.2&#8243;][et_pb_column type=\u00bb4_4&#8243; _builder_version=\u00bb4.4.2&#8243;][et_pb_image src=\u00bbhttps:\/\/ifls.com.co\/2024\/wp-content\/uploads\/2026\/04\/Plano-IFLS52EICI34-AGO-2026-GENERAL.jpg-scaled.jpeg\u00bb _builder_version=\u00bb4.4.2&#8243; hover_enabled=\u00bb0&#8243; disabled_on=\u00bboff|off|off\u00bb][\/et_pb_image][\/et_pb_column][\/et_pb_row][\/et_pb_section][et_pb_section fb_built=\u00bb1&#8243; fullwidth=\u00bbon\u00bb _builder_version=\u00bb4.4.2&#8243;][et_pb_fullwidth_slider _builder_version=\u00bb4.4.2&#8243; custom_padding=\u00bb2px||239px|||\u00bb auto=\u00bbon\u00bb auto_speed=\u00bb900000&#8243;][et_pb_slide heading=\u00bbHorarios\u00bb image=\u00bbhttps:\/\/ifls.com.co\/2024\/wp-content\/uploads\/2024\/11\/DSC00837.jpg\u00bb image_tablet=\u00bb\u00bb image_phone=\u00bb\u00bb image_last_edited=\u00bbon|phone\u00bb _builder_version=\u00bb4.4.2&#8243; header_font=\u00bb|700|||||||\u00bb background_color=\u00bb#283639&#8243; background_enable_color=\u00bbon\u00bb background_image=\u00bbhttps:\/\/ifls.com.co\/2024\/wp-content\/uploads\/2024\/11\/Temporal-v4-03.jpg\u00bb background_enable_image=\u00bbon\u00bb background_blend=\u00bboverlay\u00bb custom_padding=\u00bb20px||||false|false\u00bb]<\/p>\n<p>El ingreso de los visitantes y compradores a Corferias ser\u00e1 del<strong>\u00a03 y 4 de 9:00 am a 6:00 pm y el 5 de agosto 9:00 a.m. a 5:00 p.m.<\/strong><\/p>\n<p>[\/et_pb_slide][et_pb_slide heading=\u00bbBoleter\u00eda\u00bb image=\u00bbhttps:\/\/ifls.com.co\/2024\/wp-content\/uploads\/2024\/06\/laferia-9-1.jpg\u00bb _builder_version=\u00bb4.4.2&#8243; header_level=\u00bbh3&#8243; header_font=\u00bb|700|||||||\u00bb background_image=\u00bbhttps:\/\/ifls.com.co\/2024\/wp-content\/uploads\/2024\/11\/MG_0053.jpg\u00bb background_enable_image=\u00bbon\u00bb background_blend=\u00bbmultiply\u00bb custom_padding=\u00bb20px||||false|false\u00bb]<\/p>\n<p><span>Puedes comprar tu boleta en las <strong>taquillas principales de Corferias. <\/strong><\/span><\/p>\n<p>\u00a0V<span>alor de boleta: <strong>$70.000<\/strong><\/span><\/p>\n<p>[\/et_pb_slide][\/et_pb_fullwidth_slider][\/et_pb_section][et_pb_section fb_built=\u00bb1&#8243; _builder_version=\u00bb4.4.2&#8243; custom_padding=\u00bb1px|||||\u00bb][et_pb_row column_structure=\u00bb1_3,2_3&#8243; _builder_version=\u00bb4.4.2&#8243;][et_pb_column type=\u00bb1_3&#8243; _builder_version=\u00bb4.4.2&#8243;][et_pb_image src=\u00bbhttp:\/\/ifls.com.co\/2024\/wp-content\/uploads\/2024\/06\/laferia-10.jpg\u00bb _builder_version=\u00bb4.4.2&#8243;][\/et_pb_image][\/et_pb_column][et_pb_column type=\u00bb2_3&#8243; _builder_version=\u00bb4.4.2&#8243;][et_pb_text _builder_version=\u00bb4.4.2&#8243; text_font=\u00bbMontserrat||||||||\u00bb text_font_size=\u00bb1.2em\u00bb text_orientation=\u00bbjustified\u00bb]<\/p>\n<p style=\"text-align: justify;\"><span><strong>Si eres un comprador internacional y quieres hacer parte de IFLS+EICI<\/strong>\u00a0y necesitas una carta de invitaci\u00f3n oficial de respaldo para gestionar tu visita, deber\u00e1s enviar la solicitud diligenciando el presente formulario. A trav\u00e9s de la informaci\u00f3n suministrada el equipo comercial y estrat\u00e9gico de la <strong>Asociaci\u00f3n Colombiana de Industriales de Calzado, el Cuero y sus Manufacturas &#8211; ACICAM<\/strong>, evaluar\u00e1 la viabilidad de tu invitaci\u00f3n y proceder\u00e1 con lo que consideren pertinente. Si tu Solicitud es viable te enviaremos la carta de invitaci\u00f3n v\u00eda correo electr\u00f3nico, si no lo es, te enviaremos una notificaci\u00f3n.\u00a0<\/span><\/p>\n<p>&nbsp;<\/p>\n<p>[\/et_pb_text][et_pb_button button_url=\u00bbhttps:\/\/forms.gle\/ATVgd9KBaqHofjFE7&#8243; url_new_window=\u00bbon\u00bb button_text=\u00bbDiligencia el formulario de solicitud de invitaci\u00f3n\u00bb _builder_version=\u00bb4.4.2&#8243; custom_button=\u00bbon\u00bb button_text_color=\u00bb#ffffff\u00bb button_bg_color=\u00bb#283639&#8243; button_font=\u00bbMontserrat|||on|||||\u00bb button_icon_color=\u00bb#ffffff\u00bb custom_margin=\u00bb-39px|||||\u00bb][\/et_pb_button][\/et_pb_column][\/et_pb_row][\/et_pb_section]<\/p>\n","protected":false},"excerpt":{"rendered":"<p>[et_pb_section fb_built=\u00bb1&#8243; fullwidth=\u00bbon\u00bb _builder_version=\u00bb4.4.2&#8243;][et_pb_fullwidth_image _builder_version=\u00bb4.4.2&#8243;][\/et_pb_fullwidth_image][\/et_pb_section][et_pb_section fb_built=\u00bb1&#8243; fullwidth=\u00bbon\u00bb _builder_version=\u00bb4.4.2&#8243; locked=\u00bboff\u00bb][et_pb_fullwidth_image src=\u00bbhttps:\/\/ifls.com.co\/2024\/wp-content\/uploads\/2026\/04\/Mesa-de-trabajo-3-copia-9-scaled.png\u00bb _builder_version=\u00bb4.4.2&#8243; max_height=\u00bb100%\u00bb custom_margin=\u00bb-6px|||||\u00bb][\/et_pb_fullwidth_image][\/et_pb_section][et_pb_section fb_built=\u00bb1&#8243; _builder_version=\u00bb4.4.2&#8243; min_height=\u00bb536.3px\u00bb custom_padding=\u00bb1px||0px|||\u00bb][et_pb_row _builder_version=\u00bb4.4.2&#8243;][et_pb_column type=\u00bb4_4&#8243; _builder_version=\u00bb4.4.2&#8243;][et_pb_text _builder_version=\u00bb4.4.2&#8243; custom_padding=\u00bb||0px|||\u00bb] La Asociaci\u00f3n Colombiana de Industriales del Calzado, el Cuero y sus Manufacturas \u2013 ACICAM, le da la bienvenida al International Footwear &amp; Leather Show \u2013 IFLS y a la Exhibici\u00f3n Internacional del Cuero [&hellip;]<\/p>\n","protected":false},"author":1,"featured_media":0,"parent":0,"menu_order":0,"comment_status":"closed","ping_status":"closed","template":"","meta":{"_et_pb_use_builder":"on","_et_pb_old_content":"","_et_gb_content_width":"","footnotes":""},"class_list":["post-188","page","type-page","status-publish","hentry"],"_links":{"self":[{"href":"https:\/\/ifls.com.co\/2024\/wp-json\/wp\/v2\/pages\/188","targetHints":{"allow":["GET"]}}],"collection":[{"href":"https:\/\/ifls.com.co\/2024\/wp-json\/wp\/v2\/pages"}],"about":[{"href":"https:\/\/ifls.com.co\/2024\/wp-json\/wp\/v2\/types\/page"}],"author":[{"embeddable":true,"href":"https:\/\/ifls.com.co\/2024\/wp-json\/wp\/v2\/users\/1"}],"replies":[{"embeddable":true,"href":"https:\/\/ifls.com.co\/2024\/wp-json\/wp\/v2\/comments?post=188"}],"version-history":[{"count":39,"href":"https:\/\/ifls.com.co\/2024\/wp-json\/wp\/v2\/pages\/188\/revisions"}],"predecessor-version":[{"id":1856,"href":"https:\/\/ifls.com.co\/2024\/wp-json\/wp\/v2\/pages\/188\/revisions\/1856"}],"wp:attachment":[{"href":"https:\/\/ifls.com.co\/2024\/wp-json\/wp\/v2\/media?parent=188"}],"curies":[{"name":"wp","href":"https:\/\/api.w.org\/{rel}","templated":true}]}}